{"id":3,"date":"2019-09-13T12:17:09","date_gmt":"2019-09-13T10:17:09","guid":{"rendered":"http:\/\/info-ukt.unileoben.ac.at\/?page_id=3"},"modified":"2020-02-28T15:16:21","modified_gmt":"2020-02-28T14:16:21","slug":"datenschutzerklaerung","status":"publish","type":"page","link":"https:\/\/info-ukt.unileoben.ac.at\/index.php\/datenschutzerklaerung\/","title":{"rendered":"Datenschutzerkl\u00e4rung"},"content":{"rendered":"\n<h2 class=\"wp-block-heading\">Datenschutzerkl\u00e4rung<\/h2>\n\n\n\n<p>Der Schutz Ihrer pers\u00f6nlichen Daten ist uns ein besonderes Anliegen.  Wir verarbeiten Ihre Daten daher ausschlie\u00dflich auf Grundlage der  gesetzlichen Bestimmungen (DSGVO, TKG 2003). In diesen  Datenschutzinformationen informieren wir Sie \u00fcber die wichtigsten  Aspekte der Datenverarbeitung im Rahmen unserer Website.&nbsp;<\/p>\n\n\n\n<p>Beim  Besuch unserer Webseite wird Ihre IP-Adresse, Beginn und Ende der  Sitzung f\u00fcr die Dauer dieser Sitzung erfasst. Dies ist technisch bedingt  und stellt damit ein berechtigtes Interesse iSv Art 6 Abs 1 lit f DSGVO  dar. Soweit im Folgenden nichts anderes geregelt wird, werden diese  Daten von uns nicht weiterverarbeitet.<\/p>\n\n\n\n<p><\/p>\n\n\n\n<h4 class=\"wp-block-heading\" id=\"heading_Kontakt_mit_uns\">Kontakt mit uns<\/h4>\n\n\n\n<p>Wenn  Sie per E-Mail Kontakt mit uns  aufnehmen, werden Ihre angegebenen Daten zwecks Bearbeitung der Anfrage  und f\u00fcr den Fall von Anschlussfragen sechs Monate bei uns gespeichert.  Diese Daten geben wir nicht ohne Ihre Einwilligung weiter.&nbsp;<\/p>\n\n\n\n<p><\/p>\n\n\n\n<h4 class=\"wp-block-heading\" id=\"heading_Cookies\">Cookies<\/h4>\n\n\n\n<p>Unsere\n Website verwendet so genannte Cookies. Dabei handelt es sich um kleine \nTextdateien, die mit Hilfe des Browsers auf Ihrem Endger\u00e4t abgelegt \nwerden. Sie richten keinen Schaden an. <\/p>\n\n\n\n<p>Wir nutzen Cookies dazu, \nunser Angebot nutzerfreundlich zu gestalten. Einige Cookies bleiben auf \nIhrem Endger\u00e4t gespeichert, bis Sie diese l\u00f6schen. Sie erm\u00f6glichen es \nuns, Ihren Browser beim n\u00e4chsten Besuch wiederzuerkennen.<\/p>\n\n\n\n<p>Wenn Sie\n dies nicht w\u00fcnschen, so k\u00f6nnen Sie Ihren Browser so einrichten, dass er\n Sie \u00fcber das Setzen von Cookies informiert und Sie dies nur im \nEinzelfall erlauben. <\/p>\n\n\n\n<p>Bei der Deaktivierung von Cookies kann die Funktionalit\u00e4t unserer Website eingeschr\u00e4nkt sein.<\/p>\n\n\n\n<p><\/p>\n\n\n\n<h4 class=\"wp-block-heading\" id=\"heading_Web_Analyse\">Web-Analyse<\/h4>\n\n\n\n<p>Unsere Website verwendet Funktionen des Webanalysedienstes Google  Analytics von Google Inc. (1600 Amphitheatre Parkway, Mountain View, CA  94043). Dazu werden Cookies verwendet, die eine Analyse der  Benutzung der Website durch Ihre Benutzer erm\u00f6glicht. Die dadurch erzeugten Informationen werden auf den Server des Anbieters \u00fcbertragen  und dort gespeichert. <\/p>\n\n\n\n<p>Sie k\u00f6nnen dies verhindern, indem Sie Ihren Browser so einrichten, dass keine Cookies gespeichert werden. <\/p>\n\n\n\n<p>Wir haben mit dem Anbieter einen entsprechenden Vertrag zur Auftragsdatenverarbeitung abgeschlossen.<\/p>\n\n\n\n<p>Ihre  IP-Adresse wird erfasst, aber umgehend pseudonymisiert. Dadurch ist nur mehr eine grobe Lokalisierung  m\u00f6glich.<\/p>\n\n\n\n<p>Die\n Datenverarbeitung erfolgt auf Basis der gesetzlichen Bestimmungen des \u00a7\n 96 Abs 3 TKG sowie des Art 6 Abs 1 lit a (Einwilligung) und\/oder f \n(berechtigtes Interesse) der DSGVO. <\/p>\n\n\n\n<p>Weitere Informationen zum Umgang mit Nutzerdaten bei Google Analytics finden Sie in der <strong>Datenschutzerkl\u00e4rung von Google:<\/strong> <a rel=\"noreferrer noopener\" href=\"https:\/\/www.google.com\/analytics\/learn\/privacy.html?hl=de\" target=\"_blank\">https:\/\/www.google.com\/analytics\/learn\/privacy.html?hl=de<\/a> <\/p>\n\n\n\n<h4 class=\"wp-block-heading\">Social Media<\/h4>\n\n\n\n<p>Wir kooperieren auf unserer Seite mit verschiedenen sozialen Netzwerken:<\/p>\n\n\n\n<p><\/p>\n\n\n\n<p><strong>Facebook: <\/strong>Betreibergesellschaft ist die Facebook, Inc., 1 Hacker Way,  Menlo Park, CA 94025, USA, bzw. die Facebook Ireland Ltd., 4 Grand Canal Square, Grand  Canal Harbour, Dublin 2, Ireland (f\u00fcr Personen au\u00dferhalb USA oder Kanada). <\/p>\n\n\n\n<p><strong>Instagram: <\/strong> Betreibergesellschaft ist die Instagram LLC, 1  Hacker Way, Building 14 First Floor, Menlo Park, CA, USA. <\/p>\n\n\n\n<p><strong>YouTube:  <\/strong>Betreibergesellschaft ist die YouTube, LLC, 901 Cherry Ave., San Bruno, CA 94066, USA. <\/p>\n\n\n\n<p> Ihr Browser wird bei der Nutzung des  jeweiligen Dienstes automatisch mit dem entsprechenden Serviceanbieter  verbunden. Hierbei werden zB Cookies, IP-Adresse oder auch andere  Informationen dem Serviceanbieter \u00fcbermittelt. Vor allem wenn Sie bei  einer entsprechenden Plattform eingeloggt sind, kann diese dann den  Besuch unserer Webseite Ihrem Benutzerkonto zuordnen. Diese  Daten\u00fcbertragung findet nur statt, wenn Sie mit einem sozialen Netzwerk  verbunden sind. <\/p>\n\n\n\n<p>Ebenso benutzen wir Plug-Ins \ndiverser Plattformen. Durch Anklicken so eines Symboles stimmen Sie der \n\u00dcbermittlung von Informationen an den jeweiligen Anbieter und der \nKommunikation mit diversen Plattformen zu. N\u00e4here Informationen zur \njeweiligen Verwendung Ihrer Daten entnehmen Sie bitte der \nDatenschutzerkl\u00e4rung des zust\u00e4ndigen Anbieters.\n<\/p>\n\n\n\n<h4 class=\"wp-block-heading\" id=\"heading_Ihre_Rechte\">Ihre Rechte<\/h4>\n\n\n\n<p>Ihnen stehen bez\u00fcglich Ihrer bei uns gespeicherten Daten&nbsp;grunds\u00e4tzlich  die Rechte auf Auskunft, Berichtigung, L\u00f6schung, Einschr\u00e4nkung,  Daten\u00fcbertragbarkeit, Widerruf und Widerspruch zu. Wenn Sie glauben,  dass die Verarbeitung Ihrer Daten gegen das Datenschutzrecht verst\u00f6\u00dft  oder Ihre datenschutzrechtlichen Anspr\u00fcche sonst in einer Weise verletzt  worden sind, k\u00f6nnen Sie sich per E-Mail oder bei der Datenschutzbeh\u00f6rde beschweren.<\/p>\n\n\n\n<p><\/p>\n\n\n\n<h4 class=\"wp-block-heading\" id=\"heading_Sie_erreichen_uns_unter_folgenden_Kontaktdaten_\">Sie erreichen uns unter folgenden Kontaktdaten: <\/h4>\n\n\n\n<p>Lehrstuhl f\u00fcr Verfahrenstechnik des industriellen Umweltschutzes  <br>und Lehrstuhl f\u00fcr Abfallverwertungstechnik und Abfallwirtschaft  <br>Franz-Josef-Stra\u00dfe 18 <br>A- 8700 Leoben <br><a href=\"mailto:vtiu@unileoben.ac.at\">vtiu@unileoben.ac.at<\/a>  <br><a href=\"mailto:avaw@unileoben.ac.at\">avaw@unileoben.ac.at<\/a><\/p>\n","protected":false},"excerpt":{"rendered":"<p>Datenschutzerkl\u00e4rung Der Schutz Ihrer pers\u00f6nlichen Daten ist uns ein besonderes Anliegen. Wir verarbeiten Ihre Daten daher ausschlie\u00dflich auf Grundlage der gesetzlichen Bestimmungen (DSGVO, TKG 2003). In diesen Datenschutzinformationen informieren wir Sie \u00fcber die wichtigsten Aspekte der Datenverarbeitung im Rahmen unserer Website.&nbsp; Beim Besuch unserer Webseite wird Ihre IP-Adresse, Beginn und Ende der Sitzung f\u00fcr die [&hellip;]<\/p>\n","protected":false},"author":1,"featured_media":0,"parent":0,"menu_order":0,"comment_status":"closed","ping_status":"open","template":"","meta":{"episode_type":"","audio_file":"","podmotor_file_id":"","podmotor_episode_id":"","cover_image":"","cover_image_id":"","duration":"","filesize":"","filesize_raw":"","date_recorded":"","explicit":"","block":"","itunes_episode_number":"","itunes_title":"","itunes_season_number":"","itunes_episode_type":"","footnotes":""},"class_list":["post-3","page","type-page","status-publish","hentry"],"yoast_head":"<!-- This site is optimized with the Yoast SEO plugin v27.5 - https:\/\/yoast.com\/product\/yoast-seo-wordpress\/ -->\n<title>Datenschutzerkl\u00e4rung - Studium Umwelt- und Klimaschutztechnik<\/title>\n<meta name=\"robots\" content=\"index, follow, max-snippet:-1, max-image-preview:large, max-video-preview:-1\" \/>\n<link rel=\"canonical\" href=\"https:\/\/info-ukt.unileoben.ac.at\/index.php\/datenschutzerklaerung\/\" \/>\n<meta property=\"og:locale\" content=\"de_DE\" \/>\n<meta property=\"og:type\" content=\"article\" \/>\n<meta property=\"og:title\" content=\"Datenschutzerkl\u00e4rung - Studium Umwelt- und Klimaschutztechnik\" \/>\n<meta property=\"og:description\" content=\"Datenschutzerkl\u00e4rung Der Schutz Ihrer pers\u00f6nlichen Daten ist uns ein besonderes Anliegen. Wir verarbeiten Ihre Daten daher ausschlie\u00dflich auf Grundlage der gesetzlichen Bestimmungen (DSGVO, TKG 2003). In diesen Datenschutzinformationen informieren wir Sie \u00fcber die wichtigsten Aspekte der Datenverarbeitung im Rahmen unserer Website.&nbsp; Beim Besuch unserer Webseite wird Ihre IP-Adresse, Beginn und Ende der Sitzung f\u00fcr die [&hellip;]\" \/>\n<meta property=\"og:url\" content=\"https:\/\/info-ukt.unileoben.ac.at\/index.php\/datenschutzerklaerung\/\" \/>\n<meta property=\"og:site_name\" content=\"Studium Umwelt- und Klimaschutztechnik\" \/>\n<meta property=\"article:modified_time\" content=\"2020-02-28T14:16:21+00:00\" \/>\n<meta name=\"twitter:card\" content=\"summary_large_image\" \/>\n<meta name=\"twitter:label1\" content=\"Gesch\u00e4tzte Lesezeit\" \/>\n\t<meta name=\"twitter:data1\" content=\"3\u00a0Minuten\" \/>\n<script type=\"application\/ld+json\" class=\"yoast-schema-graph\">{\"@context\":\"https:\\\/\\\/schema.org\",\"@graph\":[{\"@type\":\"WebPage\",\"@id\":\"https:\\\/\\\/info-ukt.unileoben.ac.at\\\/index.php\\\/datenschutzerklaerung\\\/\",\"url\":\"https:\\\/\\\/info-ukt.unileoben.ac.at\\\/index.php\\\/datenschutzerklaerung\\\/\",\"name\":\"Datenschutzerkl\u00e4rung - Studium Umwelt- und Klimaschutztechnik\",\"isPartOf\":{\"@id\":\"https:\\\/\\\/info-ukt.unileoben.ac.at\\\/#website\"},\"datePublished\":\"2019-09-13T10:17:09+00:00\",\"dateModified\":\"2020-02-28T14:16:21+00:00\",\"breadcrumb\":{\"@id\":\"https:\\\/\\\/info-ukt.unileoben.ac.at\\\/index.php\\\/datenschutzerklaerung\\\/#breadcrumb\"},\"inLanguage\":\"de\",\"potentialAction\":[{\"@type\":\"ReadAction\",\"target\":[\"https:\\\/\\\/info-ukt.unileoben.ac.at\\\/index.php\\\/datenschutzerklaerung\\\/\"]}]},{\"@type\":\"BreadcrumbList\",\"@id\":\"https:\\\/\\\/info-ukt.unileoben.ac.at\\\/index.php\\\/datenschutzerklaerung\\\/#breadcrumb\",\"itemListElement\":[{\"@type\":\"ListItem\",\"position\":1,\"name\":\"Startseite\",\"item\":\"https:\\\/\\\/info-ukt.unileoben.ac.at\\\/\"},{\"@type\":\"ListItem\",\"position\":2,\"name\":\"Datenschutzerkl\u00e4rung\"}]},{\"@type\":\"WebSite\",\"@id\":\"https:\\\/\\\/info-ukt.unileoben.ac.at\\\/#website\",\"url\":\"https:\\\/\\\/info-ukt.unileoben.ac.at\\\/\",\"name\":\"Studium Umwelt- und Klimaschutztechnik\",\"description\":\"\",\"publisher\":{\"@id\":\"https:\\\/\\\/info-ukt.unileoben.ac.at\\\/#organization\"},\"potentialAction\":[{\"@type\":\"SearchAction\",\"target\":{\"@type\":\"EntryPoint\",\"urlTemplate\":\"https:\\\/\\\/info-ukt.unileoben.ac.at\\\/?s={search_term_string}\"},\"query-input\":{\"@type\":\"PropertyValueSpecification\",\"valueRequired\":true,\"valueName\":\"search_term_string\"}}],\"inLanguage\":\"de\"},{\"@type\":\"Organization\",\"@id\":\"https:\\\/\\\/info-ukt.unileoben.ac.at\\\/#organization\",\"name\":\"Umwelt- und Klimaschutztechnik\",\"url\":\"https:\\\/\\\/info-ukt.unileoben.ac.at\\\/\",\"logo\":{\"@type\":\"ImageObject\",\"inLanguage\":\"de\",\"@id\":\"https:\\\/\\\/info-ukt.unileoben.ac.at\\\/#\\\/schema\\\/logo\\\/image\\\/\",\"url\":\"https:\\\/\\\/info-iu.unileoben.ac.at\\\/wp-content\\\/uploads\\\/2022\\\/08\\\/Logo-UKT-RICHTIG.jpg\",\"contentUrl\":\"https:\\\/\\\/info-iu.unileoben.ac.at\\\/wp-content\\\/uploads\\\/2022\\\/08\\\/Logo-UKT-RICHTIG.jpg\",\"width\":1500,\"height\":1500,\"caption\":\"Umwelt- und Klimaschutztechnik\"},\"image\":{\"@id\":\"https:\\\/\\\/info-ukt.unileoben.ac.at\\\/#\\\/schema\\\/logo\\\/image\\\/\"}}]}<\/script>\n<!-- \/ Yoast SEO plugin. -->","yoast_head_json":{"title":"Datenschutzerkl\u00e4rung - Studium Umwelt- und Klimaschutztechnik","robots":{"index":"index","follow":"follow","max-snippet":"max-snippet:-1","max-image-preview":"max-image-preview:large","max-video-preview":"max-video-preview:-1"},"canonical":"https:\/\/info-ukt.unileoben.ac.at\/index.php\/datenschutzerklaerung\/","og_locale":"de_DE","og_type":"article","og_title":"Datenschutzerkl\u00e4rung - Studium Umwelt- und Klimaschutztechnik","og_description":"Datenschutzerkl\u00e4rung Der Schutz Ihrer pers\u00f6nlichen Daten ist uns ein besonderes Anliegen. Wir verarbeiten Ihre Daten daher ausschlie\u00dflich auf Grundlage der gesetzlichen Bestimmungen (DSGVO, TKG 2003). In diesen Datenschutzinformationen informieren wir Sie \u00fcber die wichtigsten Aspekte der Datenverarbeitung im Rahmen unserer Website.&nbsp; Beim Besuch unserer Webseite wird Ihre IP-Adresse, Beginn und Ende der Sitzung f\u00fcr die [&hellip;]","og_url":"https:\/\/info-ukt.unileoben.ac.at\/index.php\/datenschutzerklaerung\/","og_site_name":"Studium Umwelt- und Klimaschutztechnik","article_modified_time":"2020-02-28T14:16:21+00:00","twitter_card":"summary_large_image","twitter_misc":{"Gesch\u00e4tzte Lesezeit":"3\u00a0Minuten"},"schema":{"@context":"https:\/\/schema.org","@graph":[{"@type":"WebPage","@id":"https:\/\/info-ukt.unileoben.ac.at\/index.php\/datenschutzerklaerung\/","url":"https:\/\/info-ukt.unileoben.ac.at\/index.php\/datenschutzerklaerung\/","name":"Datenschutzerkl\u00e4rung - Studium Umwelt- und Klimaschutztechnik","isPartOf":{"@id":"https:\/\/info-ukt.unileoben.ac.at\/#website"},"datePublished":"2019-09-13T10:17:09+00:00","dateModified":"2020-02-28T14:16:21+00:00","breadcrumb":{"@id":"https:\/\/info-ukt.unileoben.ac.at\/index.php\/datenschutzerklaerung\/#breadcrumb"},"inLanguage":"de","potentialAction":[{"@type":"ReadAction","target":["https:\/\/info-ukt.unileoben.ac.at\/index.php\/datenschutzerklaerung\/"]}]},{"@type":"BreadcrumbList","@id":"https:\/\/info-ukt.unileoben.ac.at\/index.php\/datenschutzerklaerung\/#breadcrumb","itemListElement":[{"@type":"ListItem","position":1,"name":"Startseite","item":"https:\/\/info-ukt.unileoben.ac.at\/"},{"@type":"ListItem","position":2,"name":"Datenschutzerkl\u00e4rung"}]},{"@type":"WebSite","@id":"https:\/\/info-ukt.unileoben.ac.at\/#website","url":"https:\/\/info-ukt.unileoben.ac.at\/","name":"Studium Umwelt- und Klimaschutztechnik","description":"","publisher":{"@id":"https:\/\/info-ukt.unileoben.ac.at\/#organization"},"potentialAction":[{"@type":"SearchAction","target":{"@type":"EntryPoint","urlTemplate":"https:\/\/info-ukt.unileoben.ac.at\/?s={search_term_string}"},"query-input":{"@type":"PropertyValueSpecification","valueRequired":true,"valueName":"search_term_string"}}],"inLanguage":"de"},{"@type":"Organization","@id":"https:\/\/info-ukt.unileoben.ac.at\/#organization","name":"Umwelt- und Klimaschutztechnik","url":"https:\/\/info-ukt.unileoben.ac.at\/","logo":{"@type":"ImageObject","inLanguage":"de","@id":"https:\/\/info-ukt.unileoben.ac.at\/#\/schema\/logo\/image\/","url":"https:\/\/info-iu.unileoben.ac.at\/wp-content\/uploads\/2022\/08\/Logo-UKT-RICHTIG.jpg","contentUrl":"https:\/\/info-iu.unileoben.ac.at\/wp-content\/uploads\/2022\/08\/Logo-UKT-RICHTIG.jpg","width":1500,"height":1500,"caption":"Umwelt- und Klimaschutztechnik"},"image":{"@id":"https:\/\/info-ukt.unileoben.ac.at\/#\/schema\/logo\/image\/"}}]}},"_links":{"self":[{"href":"https:\/\/info-ukt.unileoben.ac.at\/index.php\/wp-json\/wp\/v2\/pages\/3","targetHints":{"allow":["GET"]}}],"collection":[{"href":"https:\/\/info-ukt.unileoben.ac.at\/index.php\/wp-json\/wp\/v2\/pages"}],"about":[{"href":"https:\/\/info-ukt.unileoben.ac.at\/index.php\/wp-json\/wp\/v2\/types\/page"}],"author":[{"embeddable":true,"href":"https:\/\/info-ukt.unileoben.ac.at\/index.php\/wp-json\/wp\/v2\/users\/1"}],"replies":[{"embeddable":true,"href":"https:\/\/info-ukt.unileoben.ac.at\/index.php\/wp-json\/wp\/v2\/comments?post=3"}],"version-history":[{"count":9,"href":"https:\/\/info-ukt.unileoben.ac.at\/index.php\/wp-json\/wp\/v2\/pages\/3\/revisions"}],"predecessor-version":[{"id":1300,"href":"https:\/\/info-ukt.unileoben.ac.at\/index.php\/wp-json\/wp\/v2\/pages\/3\/revisions\/1300"}],"wp:attachment":[{"href":"https:\/\/info-ukt.unileoben.ac.at\/index.php\/wp-json\/wp\/v2\/media?parent=3"}],"curies":[{"name":"wp","href":"https:\/\/api.w.org\/{rel}","templated":true}]}}